der when 35827 is divided by 565?
232
What is the remainder when 30995 is divided by 967?
51
What is the remainder when 1192619 is divided by 596296?
27
Calculate the remainder when 10772 is divided by 801.
359
Calculate the remainder when 45004 is divided by 38.
12
What is the remainder when 261 is divided by 31?
13
What is the remainder when 281138 is divided by 17?
9
What is the remainder when 46769 is divided by 414?
401
What is the remainder when 77067 is divided by 626?
69
What is the remainder when 14408 is divided by 14335?
73
What is the remainder when 1276625 is divided by 26?
25
Calculate the remainder when 133006 is divided by 24.
22
What is the remainder when 89207 is divided by 12?
11
Calculate the remainder when 193543 is divided by 115.
113
What is the remainder when 848 is divided by 781?
67
Calculate the remainder when 33986 is divided by 5653.
68
Calculate the remainder when 8489 is divided by 2109.
53
Calculate the remainder when 83475 is divided by 15.
0
Calculate the remainder when 11326 is divided by 202.
14
What is the remainder when 32759 is divided by 195?
194
What is the remainder when 4406 is divided by 247?
207
What is the remainder when 275787 is divided by 4?
3
Calculate the remainder when 74465 is divided by 55.
50
What is the remainder when 519176 is divided by 1018?
1014
Calculate the remainder when 940547 is divided by 5.
2
Calculate the remainder when 424105 is divided by 9.
7
What is the remainder when 44072 is divided by 20?
12
Calculate the remainder when 874731 is divided by 437364.
3
What is the remainder when 24196 is divided by 127?
66
Calculate the remainder when 4629 is divided by 1915.
799
What is the remainder when 22337 is divided by 21?
14
Calculate the remainder when 112638 is divided by 88.
86
What is the remainder when 152048 is divided by 19003?
24
What is the remainder when 7739 is divided by 129?
128
What is the remainder when 35402 is divided by 466?
452
Calculate the remainder when 4012 is divided by 98.
92
What is the remainder when 2258318 is divided by 533?
530
What is the remainder when 5316 is divided by 356?
332
What is the remainder when 112414 is divided by 212?
54
What is the remainder when 363 is divided by 92?
87
Calculate the remainder when 7247 is divided by 462.
317
Calculate the remainder when 3673 is divided by 893.
101
Calculate the remainder when 17283 is divided by 616.
35
What is the remainder when 1770 is divided by 187?
87
Calculate the remainder when 182331 is divided by 278.
241
What is the remainder when 20514 is divided by 1283?
1269
What is the remainder when 219960 is divided by 68?
48
Calculate the remainder when 5120 is divided by 344.
304
What is the remainder when 407356 is divided by 854?
852
Calculate the remainder when 13338 is divided by 2776.
2234
What is the remainder when 4564928 is divided by 1697?
1695
Calculate the remainder when 9090 is divided by 40.
10
Calculate the remainder when 11872 is divided by 51.
40
Calculate the remainder when 14752 is divided by 221.
166
What is the remainder when 28947 is divided by 30?
27
Calculate the remainder when 3883 is divided by 1279.
46
What is the remainder when 6720 is divided by 89?
45
What is the remainder when 54902 is divided by 193?
90
What is the remainder when 41339 is divided by 76?
71
Calculate the remainder when 290 is divided by 29.
0
What is the remainder when 85819 is divided by 721?
20
Calculate the remainder when 4858 is divided by 84.
70
What is the remainder when 2821155 is divided by 2147?
2144
Calculate the remainder when 85321 is divided by 23.
14
Calculate the remainder when 32413 is divided by 77.
73
What is the remainder when 52832 is divided by 346?
240
Calculate the remainder when 159242 is divided by 132.
50
Calculate the remainder when 93095 is divided by 31023.
26
What is the remainder when 19157 is divided by 6373?
38
Calculate the remainder when 866 is divided by 417.
32
What is the remainder when 21688 is divided by 5?
3
What is the remainder when 643596 is divided by 107264?
12
Calculate the remainder when 29180 is divided by 812.
760
Calculate the remainder when 19648 is divided by 7.
6
What is the remainder when 21719 is divided by 1151?
1001
Calculate the remainder when 33536 is divided by 8380.
16
What is the remainder when 1833 is divided by 483?
384
What is the remainder when 2303 is divided by 285?
23
What is the remainder when 12973 is divided by 26?
25
What is the remainder when 1674 is divided by 702?
270
Calculate the remainder when 20037 is divided by 1260.
1137
Calculate the remainder when 961 is divided by 63.
16
What is the remainder when 3546402 is divided by 17?
15
Calculate the remainder when 1983 is divided by 851.
281
What is the remainder when 516 is divided by 159?
39
What is the remainder when 5147 is divided by 99?
98
What is the remainder when 56416 is divided by 14102?
8
Calculate the remainder when 6454 is divided by 3222.
10
What is the remainder when 479 is divided by 155?
14
What is the remainder when 37637 is divided by 71?
7
What is the remainder when 1772063 is divided by 864?
863
Calculate the remainder when 1310 is divided by 228.
170
What is the remainder when 9987 is divided by 217?
5
Calculate the remainder when 189747 is divided by 63246.
9
Calculate the remainder when 19888 is divided by 272.
32
Calculate the remainder when 82203 is divided by 140.
23
Calculate the remainder when 12432 is divided by 6188.
56
What is the remainder when 1812 is divided by 303?
297
Calculate the remainder when 4333 is divided by 365.
318
What is the remainder when 11042 is divided by 34?
26
What is the remainder when 1105120 is divided by 11?
5
What is the remainder when 6293 is divided by 786?
5
Calculate the remainder when 209163 is divided by 491.
488
Calculate the remainder when 211814 is divided by 11.
9
Calculate the remainder when 8619 is divided by 37.
35
Calculate the remainder when 64998 is divided by 406.
38
Calculate the remainder when 25524 is divided by 698.
396
Calculate the remainder when 116663 is divided by 783.
779
What is the remainder when 294709 is divided by 353?
307
What is the remainder when 1002370 is divided by 83530?
10
Calculate the remainder when 2855 is divided by 151.
137
Calculate the remainder when 11554 is divided by 4.
2
Calculate the remainder when 77422 is divided by 16.
14
Calculate the remainder when 1015555 is divided by 1820.
1815
What is the remainder when 19399 is divided by 4844?
23
Calculate the remainder when 174759 is divided by 56.
39
Calculate the remainder when 4137 is divided by 687.
15
What is the remainder when 103033 is divided by 259?
210
Calculate the remainder when 14415 is divided by 120.
15
Calculate the remainder when 1516977 is divided by 1012.
1001
What is the remainder when 157389 is divided by 16?
13
What is the remainder when 128128 is divided by 7118?
4
Calculate the remainder when 9573 is divided by 2388.
21
Calculate the remainder when 1377 is divided by 42.
33
What is the remainder when 1520532 is divided by 393?
15
Calculate the remainder when 6682 is divided by 6645.
37
Calculate the remainder when 111956 is divided by 77.
75
Calculate the remainder when 2346 is divided by 170.
136
What is the remainder when 57640 is divided by 4108?
128
Calculate the remainder when 53397 is divided by 1983.
1839
Calculate the remainder when 7090 is divided by 9.
7
What is the remainder when 17518 is divided by 461?
0
What is the remainder when 39994 is divided by 16?
10
Calculate the remainder when 6565 is divided by 1313.
0
What is the remainder when 95965 is divided by 179?
21
What is the remainder when 52114 is divided by 303?
301
What is the remainder when 20829 is divided by 10412?
5
Calculate the remainder when 17177 is divided by 833.
517
What is the remainder when 1041 is divided by 208?
1
What is the remainder when 519211 is divided by 4992?
43
Calculate the remainder when 169294 is divided by 1128.
94
What is the remainder when 88575 is divided by 18?
15
What is the remainder when 2663 is divided by 6?
5
What is the remainder when 206549 is divided by 243?
242
What is the remainder when 2827 is divided by 1461?
1366
Calculate the remainder when 52426 is divided by 286.
88
Calculate th